{"id":249,"date":"2023-02-20T19:29:36","date_gmt":"2023-02-20T19:29:36","guid":{"rendered":"https:\/\/gabarito.eu\/sitewp\/?page_id=249"},"modified":"2025-10-10T11:05:05","modified_gmt":"2025-10-10T11:05:05","slug":"cozinhas-2","status":"publish","type":"page","link":"https:\/\/gabarito.eu\/sitewp\/cozinhas-2\/","title":{"rendered":"Cozinhas"},"content":{"rendered":"\t\t<div data-elementor-type=\"wp-page\" data-elementor-id=\"249\" class=\"elementor elementor-249\">\n\t\t\t\t\t\t<section class=\"elementor-section elementor-top-section elementor-element elementor-element-7fba28a elementor-section-boxed elementor-section-height-default elementor-section-height-default\" data-id=\"7fba28a\" data-element_type=\"section\" data-e-type=\"section\">\n\t\t\t\t\t\t<div class=\"elementor-container elementor-column-gap-default\">\n\t\t\t\t\t<div class=\"elementor-column elementor-col-100 elementor-top-column elementor-element elementor-element-c8d92f0\" data-id=\"c8d92f0\" data-element_type=\"column\" data-e-type=\"column\">\n\t\t\t<div class=\"elementor-widget-wrap elementor-element-populated\">\n\t\t\t\t\t\t<div class=\"elementor-element elementor-element-aeffadc elementor-widget elementor-widget-heading\" data-id=\"aeffadc\" data-element_type=\"widget\" data-e-type=\"widget\" data-widget_type=\"heading.default\">\n\t\t\t\t<div class=\"elementor-widget-container\">\n\t\t\t\t\t<h2 class=\"elementor-heading-title elementor-size-default\">Cozinhas<\/h2>\t\t\t\t<\/div>\n\t\t\t\t<\/div>\n\t\t\t\t\t<\/div>\n\t\t<\/div>\n\t\t\t\t\t<\/div>\n\t\t<\/section>\n\t\t\t\t<section class=\"elementor-section elementor-top-section elementor-element elementor-element-3c65f5d elementor-section-height-min-height elementor-section-boxed elementor-section-height-default elementor-section-items-middle\" data-id=\"3c65f5d\" data-element_type=\"section\" data-e-type=\"section\">\n\t\t\t\t\t\t<div class=\"elementor-container elementor-column-gap-default\">\n\t\t\t\t\t<div class=\"elementor-column elementor-col-50 elementor-top-column elementor-element elementor-element-61c4da4\" data-id=\"61c4da4\" data-element_type=\"column\" data-e-type=\"column\">\n\t\t\t<div class=\"elementor-widget-wrap elementor-element-populated\">\n\t\t\t\t\t\t<div class=\"elementor-element elementor-element-28bec6d elementor-widget elementor-widget-image\" data-id=\"28bec6d\" data-element_type=\"widget\" data-e-type=\"widget\" data-widget_type=\"image.default\">\n\t\t\t\t<div class=\"elementor-widget-container\">\n\t\t\t\t\t\t\t\t\t\t\t\t\t\t\t<img fetchpriority=\"high\" decoding=\"async\" width=\"800\" height=\"534\" src=\"https:\/\/gabarito.eu\/sitewp\/wp-content\/uploads\/2023\/03\/Cozinha_Easytouch-Eleanor-1024x683.jpg\" class=\"attachment-large size-large wp-image-565\" alt=\"Cozinha_Easytouch - Eleanor\" srcset=\"https:\/\/gabarito.eu\/sitewp\/wp-content\/uploads\/2023\/03\/Cozinha_Easytouch-Eleanor-1024x683.jpg 1024w, https:\/\/gabarito.eu\/sitewp\/wp-content\/uploads\/2023\/03\/Cozinha_Easytouch-Eleanor-300x200.jpg 300w, https:\/\/gabarito.eu\/sitewp\/wp-content\/uploads\/2023\/03\/Cozinha_Easytouch-Eleanor-768x512.jpg 768w, https:\/\/gabarito.eu\/sitewp\/wp-content\/uploads\/2023\/03\/Cozinha_Easytouch-Eleanor-1536x1024.jpg 1536w, https:\/\/gabarito.eu\/sitewp\/wp-content\/uploads\/2023\/03\/Cozinha_Easytouch-Eleanor-2048x1366.jpg 2048w\" sizes=\"(max-width: 800px) 100vw, 800px\" \/>\t\t\t\t\t\t\t\t\t\t\t\t\t\t\t<\/div>\n\t\t\t\t<\/div>\n\t\t\t\t\t<\/div>\n\t\t<\/div>\n\t\t\t\t<div class=\"elementor-column elementor-col-50 elementor-top-column elementor-element elementor-element-d229943\" data-id=\"d229943\" data-element_type=\"column\" data-e-type=\"column\">\n\t\t\t<div class=\"elementor-widget-wrap elementor-element-populated\">\n\t\t\t\t\t\t<div class=\"elementor-element elementor-element-0df12fd elementor-widget elementor-widget-heading\" data-id=\"0df12fd\" data-element_type=\"widget\" data-e-type=\"widget\" data-widget_type=\"heading.default\">\n\t\t\t\t<div class=\"elementor-widget-container\">\n\t\t\t\t\t<h2 class=\"elementor-heading-title elementor-size-default\">Berlin<\/h2>\t\t\t\t<\/div>\n\t\t\t\t<\/div>\n\t\t\t\t<div class=\"elementor-element elementor-element-ed5ae41 elementor-widget elementor-widget-text-editor\" data-id=\"ed5ae41\" data-element_type=\"widget\" data-e-type=\"widget\" data-widget_type=\"text-editor.default\">\n\t\t\t\t<div class=\"elementor-widget-container\">\n\t\t\t\t\t\t\t\t\t<p>Cole\u00e7\u00e3o ulta-mate com m\u00f3veis anti-impress\u00e3o digital e uma textura sedosa. Transforma os espa\u00e7os em combina\u00e7\u00f5es que exalam requinte e criam ambientes verdadeiramente exclusivos. O seu lar, elevado a um patamar de distin\u00e7\u00e3o.<\/p>\t\t\t\t\t\t\t\t<\/div>\n\t\t\t\t<\/div>\n\t\t\t\t<div class=\"elementor-element elementor-element-03ff952 elementor-button-info elementor-align-left elementor-widget elementor-widget-button\" data-id=\"03ff952\" data-element_type=\"widget\" data-e-type=\"widget\" data-widget_type=\"button.default\">\n\t\t\t\t<div class=\"elementor-widget-container\">\n\t\t\t\t\t\t\t\t\t<div class=\"elementor-button-wrapper\">\n\t\t\t\t\t<a class=\"elementor-button elementor-button-link elementor-size-sm\" href=\"https:\/\/gabarito.eu\/sitewp\/contactos-2\/\">\n\t\t\t\t\t\t<span class=\"elementor-button-content-wrapper\">\n\t\t\t\t\t\t\t\t\t<span class=\"elementor-button-text\">Saiba mais<\/span>\n\t\t\t\t\t<\/span>\n\t\t\t\t\t<\/a>\n\t\t\t\t<\/div>\n\t\t\t\t\t\t\t\t<\/div>\n\t\t\t\t<\/div>\n\t\t\t\t\t<\/div>\n\t\t<\/div>\n\t\t\t\t\t<\/div>\n\t\t<\/section>\n\t\t\t\t<section class=\"elementor-section elementor-top-section elementor-element elementor-element-249946a elementor-section-height-min-height elementor-section-boxed elementor-section-height-default elementor-section-items-middle\" data-id=\"249946a\" data-element_type=\"section\" data-e-type=\"section\">\n\t\t\t\t\t\t<div class=\"elementor-container elementor-column-gap-default\">\n\t\t\t\t\t<div class=\"elementor-column elementor-col-50 elementor-top-column elementor-element elementor-element-08fad2d\" data-id=\"08fad2d\" data-element_type=\"column\" data-e-type=\"column\">\n\t\t\t<div class=\"elementor-widget-wrap elementor-element-populated\">\n\t\t\t\t\t\t<div class=\"elementor-element elementor-element-a114320 elementor-widget elementor-widget-heading\" data-id=\"a114320\" data-element_type=\"widget\" data-e-type=\"widget\" data-widget_type=\"heading.default\">\n\t\t\t\t<div class=\"elementor-widget-container\">\n\t\t\t\t\t<h2 class=\"elementor-heading-title elementor-size-default\">Munique<\/h2>\t\t\t\t<\/div>\n\t\t\t\t<\/div>\n\t\t\t\t<div class=\"elementor-element elementor-element-f8eeb6d elementor-widget elementor-widget-text-editor\" data-id=\"f8eeb6d\" data-element_type=\"widget\" data-e-type=\"widget\" data-widget_type=\"text-editor.default\">\n\t\t\t\t<div class=\"elementor-widget-container\">\n\t\t\t\t\t\t\t\t\t<p>Cole\u00e7\u00e3o de mobili\u00e1rio que apresenta cores vivas e brilhantes. Cada pe\u00e7a \u00e9 revestida com laminado de alta qualidade, garantindo durabilidade e um acabamento impec\u00e1vel com laca <em>premium<\/em>. A sua casa com estilo e sofistica\u00e7\u00e3o excepcionais.<\/p>\t\t\t\t\t\t\t\t<\/div>\n\t\t\t\t<\/div>\n\t\t\t\t<div class=\"elementor-element elementor-element-642c639 elementor-button-info elementor-widget elementor-widget-button\" data-id=\"642c639\" data-element_type=\"widget\" data-e-type=\"widget\" data-widget_type=\"button.default\">\n\t\t\t\t<div class=\"elementor-widget-container\">\n\t\t\t\t\t\t\t\t\t<div class=\"elementor-button-wrapper\">\n\t\t\t\t\t<a class=\"elementor-button elementor-button-link elementor-size-sm\" href=\"https:\/\/gabarito.eu\/sitewp\/contactos-2\/\">\n\t\t\t\t\t\t<span class=\"elementor-button-content-wrapper\">\n\t\t\t\t\t\t\t\t\t<span class=\"elementor-button-text\">Saiba mais<\/span>\n\t\t\t\t\t<\/span>\n\t\t\t\t\t<\/a>\n\t\t\t\t<\/div>\n\t\t\t\t\t\t\t\t<\/div>\n\t\t\t\t<\/div>\n\t\t\t\t\t<\/div>\n\t\t<\/div>\n\t\t\t\t<div class=\"elementor-column elementor-col-50 elementor-top-column elementor-element elementor-element-0747eac\" data-id=\"0747eac\" data-element_type=\"column\" data-e-type=\"column\">\n\t\t\t<div class=\"elementor-widget-wrap elementor-element-populated\">\n\t\t\t\t\t\t<div class=\"elementor-element elementor-element-ee28812 elementor-widget elementor-widget-image\" data-id=\"ee28812\" data-element_type=\"widget\" data-e-type=\"widget\" data-widget_type=\"image.default\">\n\t\t\t\t<div class=\"elementor-widget-container\">\n\t\t\t\t\t\t\t\t\t\t\t\t\t\t\t<img decoding=\"async\" width=\"800\" height=\"463\" src=\"https:\/\/gabarito.eu\/sitewp\/wp-content\/uploads\/2023\/04\/Cozinha_Elizabeth1-1024x593.jpg\" class=\"attachment-large size-large wp-image-586\" alt=\"\" srcset=\"https:\/\/gabarito.eu\/sitewp\/wp-content\/uploads\/2023\/04\/Cozinha_Elizabeth1-1024x593.jpg 1024w, https:\/\/gabarito.eu\/sitewp\/wp-content\/uploads\/2023\/04\/Cozinha_Elizabeth1-300x174.jpg 300w, https:\/\/gabarito.eu\/sitewp\/wp-content\/uploads\/2023\/04\/Cozinha_Elizabeth1-768x445.jpg 768w, https:\/\/gabarito.eu\/sitewp\/wp-content\/uploads\/2023\/04\/Cozinha_Elizabeth1-1536x890.jpg 1536w, https:\/\/gabarito.eu\/sitewp\/wp-content\/uploads\/2023\/04\/Cozinha_Elizabeth1-2048x1186.jpg 2048w\" sizes=\"(max-width: 800px) 100vw, 800px\" \/>\t\t\t\t\t\t\t\t\t\t\t\t\t\t\t<\/div>\n\t\t\t\t<\/div>\n\t\t\t\t\t<\/div>\n\t\t<\/div>\n\t\t\t\t\t<\/div>\n\t\t<\/section>\n\t\t\t\t<section class=\"elementor-section elementor-top-section elementor-element elementor-element-589a8b3 elementor-section-height-min-height elementor-section-boxed elementor-section-height-default elementor-section-items-middle\" data-id=\"589a8b3\" data-element_type=\"section\" data-e-type=\"section\">\n\t\t\t\t\t\t<div class=\"elementor-container elementor-column-gap-default\">\n\t\t\t\t\t<div class=\"elementor-column elementor-col-50 elementor-top-column elementor-element elementor-element-88b74d3\" data-id=\"88b74d3\" data-element_type=\"column\" data-e-type=\"column\">\n\t\t\t<div class=\"elementor-widget-wrap elementor-element-populated\">\n\t\t\t\t\t\t<div class=\"elementor-element elementor-element-6afaff7 elementor-widget elementor-widget-image\" data-id=\"6afaff7\" data-element_type=\"widget\" data-e-type=\"widget\" data-widget_type=\"image.default\">\n\t\t\t\t<div class=\"elementor-widget-container\">\n\t\t\t\t\t\t\t\t\t\t\t\t\t\t\t<img decoding=\"async\" width=\"800\" height=\"380\" src=\"https:\/\/gabarito.eu\/sitewp\/wp-content\/uploads\/2023\/08\/778_cascada-1-1024x487.jpg\" class=\"attachment-large size-large wp-image-730\" alt=\"\" srcset=\"https:\/\/gabarito.eu\/sitewp\/wp-content\/uploads\/2023\/08\/778_cascada-1-1024x487.jpg 1024w, https:\/\/gabarito.eu\/sitewp\/wp-content\/uploads\/2023\/08\/778_cascada-1-300x143.jpg 300w, https:\/\/gabarito.eu\/sitewp\/wp-content\/uploads\/2023\/08\/778_cascada-1-768x366.jpg 768w, https:\/\/gabarito.eu\/sitewp\/wp-content\/uploads\/2023\/08\/778_cascada-1-1536x731.jpg 1536w, https:\/\/gabarito.eu\/sitewp\/wp-content\/uploads\/2023\/08\/778_cascada-1.jpg 1920w\" sizes=\"(max-width: 800px) 100vw, 800px\" \/>\t\t\t\t\t\t\t\t\t\t\t\t\t\t\t<\/div>\n\t\t\t\t<\/div>\n\t\t\t\t\t<\/div>\n\t\t<\/div>\n\t\t\t\t<div class=\"elementor-column elementor-col-50 elementor-top-column elementor-element elementor-element-e6811e0\" data-id=\"e6811e0\" data-element_type=\"column\" data-e-type=\"column\">\n\t\t\t<div class=\"elementor-widget-wrap elementor-element-populated\">\n\t\t\t\t\t\t<div class=\"elementor-element elementor-element-c2d9169 elementor-widget elementor-widget-heading\" data-id=\"c2d9169\" data-element_type=\"widget\" data-e-type=\"widget\" data-widget_type=\"heading.default\">\n\t\t\t\t<div class=\"elementor-widget-container\">\n\t\t\t\t\t<h2 class=\"elementor-heading-title elementor-size-default\">Hamburgo<\/h2>\t\t\t\t<\/div>\n\t\t\t\t<\/div>\n\t\t\t\t<div class=\"elementor-element elementor-element-4d0436d elementor-widget elementor-widget-text-editor\" data-id=\"4d0436d\" data-element_type=\"widget\" data-e-type=\"widget\" data-widget_type=\"text-editor.default\">\n\t\t\t\t<div class=\"elementor-widget-container\">\n\t\t\t\t\t\t\t\t\t<p>O encanto do estilo <em>cottage<\/em> moderno nesta cole\u00e7\u00e3o de mobili\u00e1rio, que cria ambientes calorosos e requintados que unem o passado ao presente.<\/p>\t\t\t\t\t\t\t\t<\/div>\n\t\t\t\t<\/div>\n\t\t\t\t<div class=\"elementor-element elementor-element-a5e3d05 elementor-button-info elementor-align-left elementor-widget elementor-widget-button\" data-id=\"a5e3d05\" data-element_type=\"widget\" data-e-type=\"widget\" data-widget_type=\"button.default\">\n\t\t\t\t<div class=\"elementor-widget-container\">\n\t\t\t\t\t\t\t\t\t<div class=\"elementor-button-wrapper\">\n\t\t\t\t\t<a class=\"elementor-button elementor-button-link elementor-size-sm\" href=\"https:\/\/gabarito.eu\/sitewp\/contactos-2\/\">\n\t\t\t\t\t\t<span class=\"elementor-button-content-wrapper\">\n\t\t\t\t\t\t\t\t\t<span class=\"elementor-button-text\">Saiba mais<\/span>\n\t\t\t\t\t<\/span>\n\t\t\t\t\t<\/a>\n\t\t\t\t<\/div>\n\t\t\t\t\t\t\t\t<\/div>\n\t\t\t\t<\/div>\n\t\t\t\t\t<\/div>\n\t\t<\/div>\n\t\t\t\t\t<\/div>\n\t\t<\/section>\n\t\t\t\t<section class=\"elementor-section elementor-top-section elementor-element elementor-element-5fa9270 elementor-section-height-min-height elementor-section-boxed elementor-section-height-default elementor-section-items-middle\" data-id=\"5fa9270\" data-element_type=\"section\" data-e-type=\"section\">\n\t\t\t\t\t\t<div class=\"elementor-container elementor-column-gap-default\">\n\t\t\t\t\t<div class=\"elementor-column elementor-col-50 elementor-top-column elementor-element elementor-element-009c10c\" data-id=\"009c10c\" data-element_type=\"column\" data-e-type=\"column\">\n\t\t\t<div class=\"elementor-widget-wrap elementor-element-populated\">\n\t\t\t\t\t\t<div class=\"elementor-element elementor-element-acc65fe elementor-widget elementor-widget-heading\" data-id=\"acc65fe\" data-element_type=\"widget\" data-e-type=\"widget\" data-widget_type=\"heading.default\">\n\t\t\t\t<div class=\"elementor-widget-container\">\n\t\t\t\t\t<h2 class=\"elementor-heading-title elementor-size-default\">Nuremberg<\/h2>\t\t\t\t<\/div>\n\t\t\t\t<\/div>\n\t\t\t\t<div class=\"elementor-element elementor-element-8b90884 elementor-widget elementor-widget-text-editor\" data-id=\"8b90884\" data-element_type=\"widget\" data-e-type=\"widget\" data-widget_type=\"text-editor.default\">\n\t\t\t\t<div class=\"elementor-widget-container\">\n\t\t\t\t\t\t\t\t\t<p>Cozinha inovadora com painel lacado revestido a acr\u00edlico de alta qualidade eleva qualquer espa\u00e7o a um n\u00edvel superior de luxo.<\/p>\t\t\t\t\t\t\t\t<\/div>\n\t\t\t\t<\/div>\n\t\t\t\t<div class=\"elementor-element elementor-element-e390cb8 elementor-button-info elementor-widget elementor-widget-button\" data-id=\"e390cb8\" data-element_type=\"widget\" data-e-type=\"widget\" data-widget_type=\"button.default\">\n\t\t\t\t<div class=\"elementor-widget-container\">\n\t\t\t\t\t\t\t\t\t<div class=\"elementor-button-wrapper\">\n\t\t\t\t\t<a class=\"elementor-button elementor-button-link elementor-size-sm\" href=\"https:\/\/gabarito.eu\/sitewp\/contactos-2\/\">\n\t\t\t\t\t\t<span class=\"elementor-button-content-wrapper\">\n\t\t\t\t\t\t\t\t\t<span class=\"elementor-button-text\">Saiba mais<\/span>\n\t\t\t\t\t<\/span>\n\t\t\t\t\t<\/a>\n\t\t\t\t<\/div>\n\t\t\t\t\t\t\t\t<\/div>\n\t\t\t\t<\/div>\n\t\t\t\t\t<\/div>\n\t\t<\/div>\n\t\t\t\t<div class=\"elementor-column elementor-col-50 elementor-top-column elementor-element elementor-element-90cc0ff\" data-id=\"90cc0ff\" data-element_type=\"column\" data-e-type=\"column\">\n\t\t\t<div class=\"elementor-widget-wrap elementor-element-populated\">\n\t\t\t\t\t\t<div class=\"elementor-element elementor-element-edd8b73 elementor-widget elementor-widget-image\" data-id=\"edd8b73\" data-element_type=\"widget\" data-e-type=\"widget\" data-widget_type=\"image.default\">\n\t\t\t\t<div class=\"elementor-widget-container\">\n\t\t\t\t\t\t\t\t\t\t\t\t\t\t\t<img loading=\"lazy\" decoding=\"async\" width=\"800\" height=\"381\" src=\"https:\/\/gabarito.eu\/sitewp\/wp-content\/uploads\/2023\/08\/937_artis-1024x488.jpg\" class=\"attachment-large size-large wp-image-726\" alt=\"cozinha artis_Gabarito\" srcset=\"https:\/\/gabarito.eu\/sitewp\/wp-content\/uploads\/2023\/08\/937_artis-1024x488.jpg 1024w, https:\/\/gabarito.eu\/sitewp\/wp-content\/uploads\/2023\/08\/937_artis-300x143.jpg 300w, https:\/\/gabarito.eu\/sitewp\/wp-content\/uploads\/2023\/08\/937_artis-768x366.jpg 768w, https:\/\/gabarito.eu\/sitewp\/wp-content\/uploads\/2023\/08\/937_artis-1536x731.jpg 1536w, https:\/\/gabarito.eu\/sitewp\/wp-content\/uploads\/2023\/08\/937_artis.jpg 1680w\" sizes=\"(max-width: 800px) 100vw, 800px\" \/>\t\t\t\t\t\t\t\t\t\t\t\t\t\t\t<\/div>\n\t\t\t\t<\/div>\n\t\t\t\t\t<\/div>\n\t\t<\/div>\n\t\t\t\t\t<\/div>\n\t\t<\/section>\n\t\t\t\t<\/div>\n\t\t","protected":false},"excerpt":{"rendered":"<p>Cozinhas Berlin Cole\u00e7\u00e3o ulta-mate com m\u00f3veis anti-impress\u00e3o digital e uma textura sedosa. Transforma os espa\u00e7os em combina\u00e7\u00f5es que exalam requinte e criam ambientes verdadeiramente exclusivos. O seu lar, elevado a um patamar de distin\u00e7\u00e3o. Saiba mais Munique Cole\u00e7\u00e3o de mobili\u00e1rio que apresenta cores vivas e brilhantes. Cada pe\u00e7a \u00e9 revestida com laminado de alta qualidade, [&hellip;]<\/p>\n","protected":false},"author":2,"featured_media":0,"parent":0,"menu_order":0,"comment_status":"closed","ping_status":"closed","template":"","meta":{"footnotes":""},"class_list":["post-249","page","type-page","status-publish","hentry"],"yoast_head":"<!-- This site is optimized with the Yoast SEO plugin v26.2 - https:\/\/yoast.com\/wordpress\/plugins\/seo\/ -->\n<title>Cozinhas - Gabarito K\u00fcchen Design<\/title>\n<meta name=\"robots\" content=\"index, follow, max-snippet:-1, max-image-preview:large, max-video-preview:-1\" \/>\n<link rel=\"canonical\" href=\"https:\/\/gabarito.eu\/sitewp\/cozinhas-2\/\" \/>\n<meta property=\"og:locale\" content=\"pt_PT\" \/>\n<meta property=\"og:type\" content=\"article\" \/>\n<meta property=\"og:title\" content=\"Cozinhas - Gabarito K\u00fcchen Design\" \/>\n<meta property=\"og:description\" content=\"Cozinhas Berlin Cole\u00e7\u00e3o ulta-mate com m\u00f3veis anti-impress\u00e3o digital e uma textura sedosa. Transforma os espa\u00e7os em combina\u00e7\u00f5es que exalam requinte e criam ambientes verdadeiramente exclusivos. O seu lar, elevado a um patamar de distin\u00e7\u00e3o. Saiba mais Munique Cole\u00e7\u00e3o de mobili\u00e1rio que apresenta cores vivas e brilhantes. Cada pe\u00e7a \u00e9 revestida com laminado de alta qualidade, [&hellip;]\" \/>\n<meta property=\"og:url\" content=\"https:\/\/gabarito.eu\/sitewp\/cozinhas-2\/\" \/>\n<meta property=\"og:site_name\" content=\"Gabarito K\u00fcchen Design\" \/>\n<meta property=\"article:publisher\" content=\"https:\/\/www.facebook.com\/gabarito.eu\" \/>\n<meta property=\"article:modified_time\" content=\"2025-10-10T11:05:05+00:00\" \/>\n<meta property=\"og:image\" content=\"https:\/\/gabarito.eu\/sitewp\/wp-content\/uploads\/2023\/03\/Cozinha_Easytouch-Eleanor-1024x683.jpg\" \/>\n<meta name=\"twitter:card\" content=\"summary_large_image\" \/>\n<meta name=\"twitter:label1\" content=\"Tempo estimado de leitura\" \/>\n\t<meta name=\"twitter:data1\" content=\"2 minutos\" \/>\n<script type=\"application\/ld+json\" class=\"yoast-schema-graph\">{\"@context\":\"https:\/\/schema.org\",\"@graph\":[{\"@type\":\"WebPage\",\"@id\":\"https:\/\/gabarito.eu\/sitewp\/cozinhas-2\/\",\"url\":\"https:\/\/gabarito.eu\/sitewp\/cozinhas-2\/\",\"name\":\"Cozinhas - Gabarito K\u00fcchen Design\",\"isPartOf\":{\"@id\":\"https:\/\/gabarito.eu\/sitewp\/#website\"},\"primaryImageOfPage\":{\"@id\":\"https:\/\/gabarito.eu\/sitewp\/cozinhas-2\/#primaryimage\"},\"image\":{\"@id\":\"https:\/\/gabarito.eu\/sitewp\/cozinhas-2\/#primaryimage\"},\"thumbnailUrl\":\"https:\/\/gabarito.eu\/sitewp\/wp-content\/uploads\/2023\/03\/Cozinha_Easytouch-Eleanor-1024x683.jpg\",\"datePublished\":\"2023-02-20T19:29:36+00:00\",\"dateModified\":\"2025-10-10T11:05:05+00:00\",\"breadcrumb\":{\"@id\":\"https:\/\/gabarito.eu\/sitewp\/cozinhas-2\/#breadcrumb\"},\"inLanguage\":\"pt-PT\",\"potentialAction\":[{\"@type\":\"ReadAction\",\"target\":[\"https:\/\/gabarito.eu\/sitewp\/cozinhas-2\/\"]}]},{\"@type\":\"ImageObject\",\"inLanguage\":\"pt-PT\",\"@id\":\"https:\/\/gabarito.eu\/sitewp\/cozinhas-2\/#primaryimage\",\"url\":\"https:\/\/gabarito.eu\/sitewp\/wp-content\/uploads\/2023\/03\/Cozinha_Easytouch-Eleanor-1024x683.jpg\",\"contentUrl\":\"https:\/\/gabarito.eu\/sitewp\/wp-content\/uploads\/2023\/03\/Cozinha_Easytouch-Eleanor-1024x683.jpg\"},{\"@type\":\"BreadcrumbList\",\"@id\":\"https:\/\/gabarito.eu\/sitewp\/cozinhas-2\/#breadcrumb\",\"itemListElement\":[{\"@type\":\"ListItem\",\"position\":1,\"name\":\"In\u00edcio\",\"item\":\"https:\/\/gabarito.eu\/sitewp\/\"},{\"@type\":\"ListItem\",\"position\":2,\"name\":\"Cozinhas\"}]},{\"@type\":\"WebSite\",\"@id\":\"https:\/\/gabarito.eu\/sitewp\/#website\",\"url\":\"https:\/\/gabarito.eu\/sitewp\/\",\"name\":\"Gabarito\",\"description\":\"Cozinhas Alem\u00e3s Premium\",\"publisher\":{\"@id\":\"https:\/\/gabarito.eu\/sitewp\/#organization\"},\"potentialAction\":[{\"@type\":\"SearchAction\",\"target\":{\"@type\":\"EntryPoint\",\"urlTemplate\":\"https:\/\/gabarito.eu\/sitewp\/?s={search_term_string}\"},\"query-input\":{\"@type\":\"PropertyValueSpecification\",\"valueRequired\":true,\"valueName\":\"search_term_string\"}}],\"inLanguage\":\"pt-PT\"},{\"@type\":\"Organization\",\"@id\":\"https:\/\/gabarito.eu\/sitewp\/#organization\",\"name\":\"Gabarito\",\"url\":\"https:\/\/gabarito.eu\/sitewp\/\",\"logo\":{\"@type\":\"ImageObject\",\"inLanguage\":\"pt-PT\",\"@id\":\"https:\/\/gabarito.eu\/sitewp\/#\/schema\/logo\/image\/\",\"url\":\"https:\/\/gabarito.eu\/sitewp\/wp-content\/uploads\/2023\/02\/logotipo_alinhado-esq_png.png\",\"contentUrl\":\"https:\/\/gabarito.eu\/sitewp\/wp-content\/uploads\/2023\/02\/logotipo_alinhado-esq_png.png\",\"width\":350,\"height\":100,\"caption\":\"Gabarito\"},\"image\":{\"@id\":\"https:\/\/gabarito.eu\/sitewp\/#\/schema\/logo\/image\/\"},\"sameAs\":[\"https:\/\/www.facebook.com\/gabarito.eu\",\"https:\/\/www.instagram.com\/gabarito.eu\/\"]}]}<\/script>\n<!-- \/ Yoast SEO plugin. -->","yoast_head_json":{"title":"Cozinhas - Gabarito K\u00fcchen Design","robots":{"index":"index","follow":"follow","max-snippet":"max-snippet:-1","max-image-preview":"max-image-preview:large","max-video-preview":"max-video-preview:-1"},"canonical":"https:\/\/gabarito.eu\/sitewp\/cozinhas-2\/","og_locale":"pt_PT","og_type":"article","og_title":"Cozinhas - Gabarito K\u00fcchen Design","og_description":"Cozinhas Berlin Cole\u00e7\u00e3o ulta-mate com m\u00f3veis anti-impress\u00e3o digital e uma textura sedosa. Transforma os espa\u00e7os em combina\u00e7\u00f5es que exalam requinte e criam ambientes verdadeiramente exclusivos. O seu lar, elevado a um patamar de distin\u00e7\u00e3o. Saiba mais Munique Cole\u00e7\u00e3o de mobili\u00e1rio que apresenta cores vivas e brilhantes. Cada pe\u00e7a \u00e9 revestida com laminado de alta qualidade, [&hellip;]","og_url":"https:\/\/gabarito.eu\/sitewp\/cozinhas-2\/","og_site_name":"Gabarito K\u00fcchen Design","article_publisher":"https:\/\/www.facebook.com\/gabarito.eu","article_modified_time":"2025-10-10T11:05:05+00:00","og_image":[{"url":"https:\/\/gabarito.eu\/sitewp\/wp-content\/uploads\/2023\/03\/Cozinha_Easytouch-Eleanor-1024x683.jpg","type":"","width":"","height":""}],"twitter_card":"summary_large_image","twitter_misc":{"Tempo estimado de leitura":"2 minutos"},"schema":{"@context":"https:\/\/schema.org","@graph":[{"@type":"WebPage","@id":"https:\/\/gabarito.eu\/sitewp\/cozinhas-2\/","url":"https:\/\/gabarito.eu\/sitewp\/cozinhas-2\/","name":"Cozinhas - Gabarito K\u00fcchen Design","isPartOf":{"@id":"https:\/\/gabarito.eu\/sitewp\/#website"},"primaryImageOfPage":{"@id":"https:\/\/gabarito.eu\/sitewp\/cozinhas-2\/#primaryimage"},"image":{"@id":"https:\/\/gabarito.eu\/sitewp\/cozinhas-2\/#primaryimage"},"thumbnailUrl":"https:\/\/gabarito.eu\/sitewp\/wp-content\/uploads\/2023\/03\/Cozinha_Easytouch-Eleanor-1024x683.jpg","datePublished":"2023-02-20T19:29:36+00:00","dateModified":"2025-10-10T11:05:05+00:00","breadcrumb":{"@id":"https:\/\/gabarito.eu\/sitewp\/cozinhas-2\/#breadcrumb"},"inLanguage":"pt-PT","potentialAction":[{"@type":"ReadAction","target":["https:\/\/gabarito.eu\/sitewp\/cozinhas-2\/"]}]},{"@type":"ImageObject","inLanguage":"pt-PT","@id":"https:\/\/gabarito.eu\/sitewp\/cozinhas-2\/#primaryimage","url":"https:\/\/gabarito.eu\/sitewp\/wp-content\/uploads\/2023\/03\/Cozinha_Easytouch-Eleanor-1024x683.jpg","contentUrl":"https:\/\/gabarito.eu\/sitewp\/wp-content\/uploads\/2023\/03\/Cozinha_Easytouch-Eleanor-1024x683.jpg"},{"@type":"BreadcrumbList","@id":"https:\/\/gabarito.eu\/sitewp\/cozinhas-2\/#breadcrumb","itemListElement":[{"@type":"ListItem","position":1,"name":"In\u00edcio","item":"https:\/\/gabarito.eu\/sitewp\/"},{"@type":"ListItem","position":2,"name":"Cozinhas"}]},{"@type":"WebSite","@id":"https:\/\/gabarito.eu\/sitewp\/#website","url":"https:\/\/gabarito.eu\/sitewp\/","name":"Gabarito","description":"Cozinhas Alem\u00e3s Premium","publisher":{"@id":"https:\/\/gabarito.eu\/sitewp\/#organization"},"potentialAction":[{"@type":"SearchAction","target":{"@type":"EntryPoint","urlTemplate":"https:\/\/gabarito.eu\/sitewp\/?s={search_term_string}"},"query-input":{"@type":"PropertyValueSpecification","valueRequired":true,"valueName":"search_term_string"}}],"inLanguage":"pt-PT"},{"@type":"Organization","@id":"https:\/\/gabarito.eu\/sitewp\/#organization","name":"Gabarito","url":"https:\/\/gabarito.eu\/sitewp\/","logo":{"@type":"ImageObject","inLanguage":"pt-PT","@id":"https:\/\/gabarito.eu\/sitewp\/#\/schema\/logo\/image\/","url":"https:\/\/gabarito.eu\/sitewp\/wp-content\/uploads\/2023\/02\/logotipo_alinhado-esq_png.png","contentUrl":"https:\/\/gabarito.eu\/sitewp\/wp-content\/uploads\/2023\/02\/logotipo_alinhado-esq_png.png","width":350,"height":100,"caption":"Gabarito"},"image":{"@id":"https:\/\/gabarito.eu\/sitewp\/#\/schema\/logo\/image\/"},"sameAs":["https:\/\/www.facebook.com\/gabarito.eu","https:\/\/www.instagram.com\/gabarito.eu\/"]}]}},"_links":{"self":[{"href":"https:\/\/gabarito.eu\/sitewp\/wp-json\/wp\/v2\/pages\/249","targetHints":{"allow":["GET"]}}],"collection":[{"href":"https:\/\/gabarito.eu\/sitewp\/wp-json\/wp\/v2\/pages"}],"about":[{"href":"https:\/\/gabarito.eu\/sitewp\/wp-json\/wp\/v2\/types\/page"}],"author":[{"embeddable":true,"href":"https:\/\/gabarito.eu\/sitewp\/wp-json\/wp\/v2\/users\/2"}],"replies":[{"embeddable":true,"href":"https:\/\/gabarito.eu\/sitewp\/wp-json\/wp\/v2\/comments?post=249"}],"version-history":[{"count":50,"href":"https:\/\/gabarito.eu\/sitewp\/wp-json\/wp\/v2\/pages\/249\/revisions"}],"predecessor-version":[{"id":895,"href":"https:\/\/gabarito.eu\/sitewp\/wp-json\/wp\/v2\/pages\/249\/revisions\/895"}],"wp:attachment":[{"href":"https:\/\/gabarito.eu\/sitewp\/wp-json\/wp\/v2\/media?parent=249"}],"curies":[{"name":"wp","href":"https:\/\/api.w.org\/{rel}","templated":true}]}}